{"id":324,"date":"2023-01-30T17:51:33","date_gmt":"2023-01-30T17:51:33","guid":{"rendered":"https:\/\/asociacionaasa.es\/?page_id=324"},"modified":"2023-01-30T18:21:33","modified_gmt":"2023-01-30T18:21:33","slug":"ma-isabel-moreno-montoro","status":"publish","type":"page","link":"https:\/\/asociacionaasa.es\/?page_id=324","title":{"rendered":"M\u00aa Isabel Moreno Montoro"},"content":{"rendered":"<div class=\"wp-block-image\">\n<figure class=\"aligncenter size-full is-resized\"><img loading=\"lazy\" decoding=\"async\" src=\"https:\/\/asociacionaasa.es\/wp-content\/uploads\/2023\/01\/MARIAISABELMORENO-1.jpg\" alt=\"\" class=\"wp-image-329\" width=\"457\" height=\"388\"\/><\/figure><\/div>\n\n\n<p class=\"has-medium-font-size\">Artista pl\u00e1stica y visual y Doctora en Bellas Artes por la Universidad de Sevilla, Profesora de Educaci\u00f3n Art\u00edstica y Visual en la Universidad de Ja\u00e9n, Espa\u00f1a, donde coordina el M\u00e1ster de Investigaci\u00f3n y Educaci\u00f3n Est\u00e9tica.&nbsp; Sus principales l\u00edneas de investigaci\u00f3n se articulan en torno a la creaci\u00f3n en las pr\u00e1cticas art\u00edsticas intermedia, el desarrollo del conocimiento est\u00e9tico y el aprendizaje art\u00edstico en contextos formales y no formales de educaci\u00f3n, as\u00ed como tambi\u00e9n la acci\u00f3n y la educaci\u00f3n art\u00edstica en el \u00e1mbito social. Fruto de las cuales tiene diversas exposiciones, publicaciones, ponencias y contribuciones en actas de congresos, art\u00edculos, libros y cap\u00edtulos de libros.Al mismo tiempo es la responsable del grupo de investigaci\u00f3n del Plan Andaluz de Investigaci\u00f3n HUM-862, \u201cEstudios en Sociedad, Artes y Gesti\u00f3n Cultural\u201d; y es la directora y editora de la revista digital \u201cTercio Creciente\u201d que auspicia dicho grupo de investigaci\u00f3n.<\/p>\n","protected":false},"excerpt":{"rendered":"<p>Artista pl\u00e1stica y visual y Doctora en Bellas Artes por la Universidad de Sevilla, Profesora de Educaci\u00f3n Art\u00edstica y Visual en la Universidad de Ja\u00e9n, Espa\u00f1a, donde coordina el M\u00e1ster de Investigaci\u00f3n y Educaci\u00f3n Est\u00e9tica.&nbsp; Sus principales l\u00edneas de investigaci\u00f3n se articulan en torno a la creaci\u00f3n en las pr\u00e1cticas art\u00edsticas intermedia, el desarrollo del [&hellip;]<\/p>\n","protected":false},"author":1,"featured_media":0,"parent":0,"menu_order":0,"comment_status":"closed","ping_status":"closed","template":"","meta":{"om_disable_all_campaigns":false,"_monsterinsights_skip_tracking":false,"_monsterinsights_sitenote_active":false,"_monsterinsights_sitenote_note":"","_monsterinsights_sitenote_category":0,"footnotes":""},"class_list":["post-324","page","type-page","status-publish","czr-hentry"],"aioseo_notices":[],"jetpack_sharing_enabled":true,"_links":{"self":[{"href":"https:\/\/asociacionaasa.es\/index.php?rest_route=\/wp\/v2\/pages\/324","targetHints":{"allow":["GET"]}}],"collection":[{"href":"https:\/\/asociacionaasa.es\/index.php?rest_route=\/wp\/v2\/pages"}],"about":[{"href":"https:\/\/asociacionaasa.es\/index.php?rest_route=\/wp\/v2\/types\/page"}],"author":[{"embeddable":true,"href":"https:\/\/asociacionaasa.es\/index.php?rest_route=\/wp\/v2\/users\/1"}],"replies":[{"embeddable":true,"href":"https:\/\/asociacionaasa.es\/index.php?rest_route=%2Fwp%2Fv2%2Fcomments&post=324"}],"version-history":[{"count":4,"href":"https:\/\/asociacionaasa.es\/index.php?rest_route=\/wp\/v2\/pages\/324\/revisions"}],"predecessor-version":[{"id":342,"href":"https:\/\/asociacionaasa.es\/index.php?rest_route=\/wp\/v2\/pages\/324\/revisions\/342"}],"wp:attachment":[{"href":"https:\/\/asociacionaasa.es\/index.php?rest_route=%2Fwp%2Fv2%2Fmedia&parent=324"}],"curies":[{"name":"wp","href":"https:\/\/api.w.org\/{rel}","templated":true}]}}

Mª Isabel Moreno Montoro

<div class="wp-block-image">
<figure class="aligncenter size-full is-resized"><img loading="lazy" decoding="async" src="https://asociacionaasa.es/wp-content/uploads/2023/01/MARIAISABELMORENO-1.jpg" alt="" class="wp-image-329" width="457" height="388"/></figure></div>


<p class="has-medium-font-size">Artista plástica y visual y Doctora en Bellas Artes por la Universidad de Sevilla, Profesora de Educación Artística y Visual en la Universidad de Jaén, España, donde coordina el Máster de Investigación y Educación Estética.&nbsp; Sus principales líneas de investigación se articulan en torno a la creación en las prácticas artísticas intermedia, el desarrollo del conocimiento estético y el aprendizaje artístico en contextos formales y no formales de educación, así como también la acción y la educación artística en el ámbito social. Fruto de las cuales tiene diversas exposiciones, publicaciones, ponencias y contribuciones en actas de congresos, artículos, libros y capítulos de libros.Al mismo tiempo es la responsable del grupo de investigación del Plan Andaluz de Investigación HUM-862, “Estudios en Sociedad, Artes y Gestión Cultural”; y es la directora y editora de la revista digital “Tercio Creciente” que auspicia dicho grupo de investigación.</p>

<p>Artista plástica y visual y Doctora en Bellas Artes por la Universidad de Sevilla, Profesora de Educación Artística y Visual en la Universidad de Jaén, España, donde coordina el Máster de Investigación y Educación Estética.&nbsp; Sus principales líneas de investigación se articulan en torno a la creación en las prácticas artísticas intermedia, el desarrollo del [&hellip;]</p>
