{"id":339,"date":"2023-01-30T18:19:30","date_gmt":"2023-01-30T18:19:30","guid":{"rendered":"https:\/\/asociacionaasa.es\/?page_id=339"},"modified":"2023-01-30T18:19:31","modified_gmt":"2023-01-30T18:19:31","slug":"alicia-martinez-herrera","status":"publish","type":"page","link":"https:\/\/asociacionaasa.es\/?page_id=339","title":{"rendered":"Alicia Martinez Herrera"},"content":{"rendered":"<div class=\"wp-block-image\">\n<figure class=\"aligncenter size-full is-resized\"><img loading=\"lazy\" decoding=\"async\" src=\"https:\/\/asociacionaasa.es\/wp-content\/uploads\/2023\/01\/alicia-martinezzz.jpeg\" alt=\"\" class=\"wp-image-335\" width=\"457\" height=\"388\" srcset=\"https:\/\/asociacionaasa.es\/wp-content\/uploads\/2023\/01\/alicia-martinezzz.jpeg 589w, https:\/\/asociacionaasa.es\/wp-content\/uploads\/2023\/01\/alicia-martinezzz-300x255.jpeg 300w\" sizes=\"auto, (max-width: 457px) 100vw, 457px\" \/><\/figure><\/div>\n\n\n<p class=\"has-medium-font-size\">Graduada en Historia del Arte por la Universidad de Ja\u00e9n, y especializada a trav\u00e9s del M\u00e1ster en Investigaci\u00f3n y Educaci\u00f3n Est\u00e9tica: Artes, M\u00fasica y Dise\u00f1o de la misma universidad, desarrolla su tesis doctoral investigando sobre y mediante proyectos art\u00edsticos comunitarios de intervenci\u00f3n y regeneraci\u00f3n del espacio p\u00fablico. Es miembro del grupo de investigaci\u00f3n HUM-862: Estudios en Sociedad, Artes y Gesti\u00f3n Cultural, y coeditora jefa de la revista Afluir. Al mismo tiempo, tiene una fuerte vinculaci\u00f3n con el asociacionismo de Ja\u00e9n, y tambi\u00e9n desarrolla una labor art\u00edstica paralela, principalmente como poeta y cantautora.<\/p>\n","protected":false},"excerpt":{"rendered":"<p>Graduada en Historia del Arte por la Universidad de Ja\u00e9n, y especializada a trav\u00e9s del M\u00e1ster en Investigaci\u00f3n y Educaci\u00f3n Est\u00e9tica: Artes, M\u00fasica y Dise\u00f1o de la misma universidad, desarrolla su tesis doctoral investigando sobre y mediante proyectos art\u00edsticos comunitarios de intervenci\u00f3n y regeneraci\u00f3n del espacio p\u00fablico. Es miembro del grupo de investigaci\u00f3n HUM-862: Estudios [&hellip;]<\/p>\n","protected":false},"author":1,"featured_media":0,"parent":0,"menu_order":0,"comment_status":"closed","ping_status":"closed","template":"","meta":{"om_disable_all_campaigns":false,"_monsterinsights_skip_tracking":false,"_monsterinsights_sitenote_active":false,"_monsterinsights_sitenote_note":"","_monsterinsights_sitenote_category":0,"footnotes":""},"class_list":["post-339","page","type-page","status-publish","czr-hentry"],"aioseo_notices":[],"jetpack_sharing_enabled":true,"_links":{"self":[{"href":"https:\/\/asociacionaasa.es\/index.php?rest_route=\/wp\/v2\/pages\/339","targetHints":{"allow":["GET"]}}],"collection":[{"href":"https:\/\/asociacionaasa.es\/index.php?rest_route=\/wp\/v2\/pages"}],"about":[{"href":"https:\/\/asociacionaasa.es\/index.php?rest_route=\/wp\/v2\/types\/page"}],"author":[{"embeddable":true,"href":"https:\/\/asociacionaasa.es\/index.php?rest_route=\/wp\/v2\/users\/1"}],"replies":[{"embeddable":true,"href":"https:\/\/asociacionaasa.es\/index.php?rest_route=%2Fwp%2Fv2%2Fcomments&post=339"}],"version-history":[{"count":1,"href":"https:\/\/asociacionaasa.es\/index.php?rest_route=\/wp\/v2\/pages\/339\/revisions"}],"predecessor-version":[{"id":340,"href":"https:\/\/asociacionaasa.es\/index.php?rest_route=\/wp\/v2\/pages\/339\/revisions\/340"}],"wp:attachment":[{"href":"https:\/\/asociacionaasa.es\/index.php?rest_route=%2Fwp%2Fv2%2Fmedia&parent=339"}],"curies":[{"name":"wp","href":"https:\/\/api.w.org\/{rel}","templated":true}]}}

<div class="wp-block-image">
<figure class="aligncenter size-full is-resized"><img loading="lazy" decoding="async" src="https://asociacionaasa.es/wp-content/uploads/2023/01/alicia-martinezzz.jpeg" alt="" class="wp-image-335" width="457" height="388" srcset="https://asociacionaasa.es/wp-content/uploads/2023/01/alicia-martinezzz.jpeg 589w, https://asociacionaasa.es/wp-content/uploads/2023/01/alicia-martinezzz-300x255.jpeg 300w" sizes="auto, (max-width: 457px) 100vw, 457px" /></figure></div>


<p class="has-medium-font-size">Graduada en Historia del Arte por la Universidad de Jaén, y especializada a través del Máster en Investigación y Educación Estética: Artes, Música y Diseño de la misma universidad, desarrolla su tesis doctoral investigando sobre y mediante proyectos artísticos comunitarios de intervención y regeneración del espacio público. Es miembro del grupo de investigación HUM-862: Estudios en Sociedad, Artes y Gestión Cultural, y coeditora jefa de la revista Afluir. Al mismo tiempo, tiene una fuerte vinculación con el asociacionismo de Jaén, y también desarrolla una labor artística paralela, principalmente como poeta y cantautora.</p>

<p>Graduada en Historia del Arte por la Universidad de Jaén, y especializada a través del Máster en Investigación y Educación Estética: Artes, Música y Diseño de la misma universidad, desarrolla su tesis doctoral investigando sobre y mediante proyectos artísticos comunitarios de intervención y regeneración del espacio público. Es miembro del grupo de investigación HUM-862: Estudios [&hellip;]</p>
