{"id":343,"date":"2023-01-30T18:27:19","date_gmt":"2023-01-30T18:27:19","guid":{"rendered":"https:\/\/asociacionaasa.es\/?page_id=343"},"modified":"2023-01-30T18:27:20","modified_gmt":"2023-01-30T18:27:20","slug":"jesus-caballero-caballero","status":"publish","type":"page","link":"https:\/\/asociacionaasa.es\/?page_id=343","title":{"rendered":"Jes\u00fas Caballero Caballero"},"content":{"rendered":"<div class=\"wp-block-image\">\n<figure class=\"aligncenter size-large is-resized\"><img loading=\"lazy\" decoding=\"async\" src=\"https:\/\/asociacionaasa.es\/wp-content\/uploads\/2023\/01\/foto-bio-1-1020x1024.jpg\" alt=\"\" class=\"wp-image-332\" width=\"255\" height=\"256\" srcset=\"https:\/\/asociacionaasa.es\/wp-content\/uploads\/2023\/01\/foto-bio-1-1020x1024.jpg 1020w, https:\/\/asociacionaasa.es\/wp-content\/uploads\/2023\/01\/foto-bio-1-300x300.jpg 300w, https:\/\/asociacionaasa.es\/wp-content\/uploads\/2023\/01\/foto-bio-1-150x150.jpg 150w, https:\/\/asociacionaasa.es\/wp-content\/uploads\/2023\/01\/foto-bio-1-768x771.jpg 768w, https:\/\/asociacionaasa.es\/wp-content\/uploads\/2023\/01\/foto-bio-1-1530x1536.jpg 1530w, https:\/\/asociacionaasa.es\/wp-content\/uploads\/2023\/01\/foto-bio-1-2040x2048.jpg 2040w, https:\/\/asociacionaasa.es\/wp-content\/uploads\/2023\/01\/foto-bio-1-510x510.jpg 510w, https:\/\/asociacionaasa.es\/wp-content\/uploads\/2023\/01\/foto-bio-1-600x602.jpg 600w, https:\/\/asociacionaasa.es\/wp-content\/uploads\/2023\/01\/foto-bio-1-100x100.jpg 100w\" sizes=\"auto, (max-width: 255px) 100vw, 255px\" \/><\/figure><\/div>\n\n\n<p class=\"has-medium-font-size\">Jes\u00fas Caballero Caballero. Profesor del \u00c1rea de Did\u00e1ctica de la Expresi\u00f3n Pl\u00e1stica de la Universidad de Ja\u00e9n, Doctor en Patrimonio por la Universidad de Ja\u00e9n. Graduado en Bellas Artes por la Universidad de Sevilla, M\u00e1ster en Investigaci\u00f3n y Educaci\u00f3n Est\u00e9tica: Artes, M\u00fasica y Dise\u00f1o por la Universidad de Ja\u00e9n. M\u00e1ster en Profesorado de Educaci\u00f3n Secundaria Obligatoria por la Universidad de Sevilla.<\/p>\n\n\n\n<p class=\"has-medium-font-size\">Su l\u00ednea de investigaci\u00f3n se dirige fundamentalmente al desarrollo de la metodolog\u00eda art\u00edstica de investigaci\u00f3n con una tem\u00e1tica que sit\u00faa la experiencia corporal como experiencia art\u00edstica y que se combina, adem\u00e1s, con su producci\u00f3n creativa.<\/p>\n\n\n\n<p class=\"has-medium-font-size\">Miembro del grupo de Investigaci\u00f3n HUM-862 de la Universidad de Ja\u00e9n y director de la Revista de Investigaci\u00f3n y Creaci\u00f3n Art\u00edstica Afluir<\/p>\n","protected":false},"excerpt":{"rendered":"<p>Jes\u00fas Caballero Caballero. Profesor del \u00c1rea de Did\u00e1ctica de la Expresi\u00f3n Pl\u00e1stica de la Universidad de Ja\u00e9n, Doctor en Patrimonio por la Universidad de Ja\u00e9n. Graduado en Bellas Artes por la Universidad de Sevilla, M\u00e1ster en Investigaci\u00f3n y Educaci\u00f3n Est\u00e9tica: Artes, M\u00fasica y Dise\u00f1o por la Universidad de Ja\u00e9n. M\u00e1ster en Profesorado de Educaci\u00f3n Secundaria [&hellip;]<\/p>\n","protected":false},"author":1,"featured_media":0,"parent":0,"menu_order":0,"comment_status":"closed","ping_status":"closed","template":"","meta":{"om_disable_all_campaigns":false,"_monsterinsights_skip_tracking":false,"_monsterinsights_sitenote_active":false,"_monsterinsights_sitenote_note":"","_monsterinsights_sitenote_category":0,"footnotes":""},"class_list":["post-343","page","type-page","status-publish","czr-hentry"],"aioseo_notices":[],"jetpack_sharing_enabled":true,"_links":{"self":[{"href":"https:\/\/asociacionaasa.es\/index.php?rest_route=\/wp\/v2\/pages\/343","targetHints":{"allow":["GET"]}}],"collection":[{"href":"https:\/\/asociacionaasa.es\/index.php?rest_route=\/wp\/v2\/pages"}],"about":[{"href":"https:\/\/asociacionaasa.es\/index.php?rest_route=\/wp\/v2\/types\/page"}],"author":[{"embeddable":true,"href":"https:\/\/asociacionaasa.es\/index.php?rest_route=\/wp\/v2\/users\/1"}],"replies":[{"embeddable":true,"href":"https:\/\/asociacionaasa.es\/index.php?rest_route=%2Fwp%2Fv2%2Fcomments&post=343"}],"version-history":[{"count":1,"href":"https:\/\/asociacionaasa.es\/index.php?rest_route=\/wp\/v2\/pages\/343\/revisions"}],"predecessor-version":[{"id":344,"href":"https:\/\/asociacionaasa.es\/index.php?rest_route=\/wp\/v2\/pages\/343\/revisions\/344"}],"wp:attachment":[{"href":"https:\/\/asociacionaasa.es\/index.php?rest_route=%2Fwp%2Fv2%2Fmedia&parent=343"}],"curies":[{"name":"wp","href":"https:\/\/api.w.org\/{rel}","templated":true}]}}

Jesús Caballero Caballero

<div class="wp-block-image">
<figure class="aligncenter size-large is-resized"><img loading="lazy" decoding="async" src="https://asociacionaasa.es/wp-content/uploads/2023/01/foto-bio-1-1020x1024.jpg" alt="" class="wp-image-332" width="255" height="256" srcset="https://asociacionaasa.es/wp-content/uploads/2023/01/foto-bio-1-1020x1024.jpg 1020w, https://asociacionaasa.es/wp-content/uploads/2023/01/foto-bio-1-300x300.jpg 300w, https://asociacionaasa.es/wp-content/uploads/2023/01/foto-bio-1-150x150.jpg 150w, https://asociacionaasa.es/wp-content/uploads/2023/01/foto-bio-1-768x771.jpg 768w, https://asociacionaasa.es/wp-content/uploads/2023/01/foto-bio-1-1530x1536.jpg 1530w, https://asociacionaasa.es/wp-content/uploads/2023/01/foto-bio-1-2040x2048.jpg 2040w, https://asociacionaasa.es/wp-content/uploads/2023/01/foto-bio-1-510x510.jpg 510w, https://asociacionaasa.es/wp-content/uploads/2023/01/foto-bio-1-600x602.jpg 600w, https://asociacionaasa.es/wp-content/uploads/2023/01/foto-bio-1-100x100.jpg 100w" sizes="auto, (max-width: 255px) 100vw, 255px" /></figure></div>


<p class="has-medium-font-size">Jesús Caballero Caballero. Profesor del Área de Didáctica de la Expresión Plástica de la Universidad de Jaén, Doctor en Patrimonio por la Universidad de Jaén. Graduado en Bellas Artes por la Universidad de Sevilla, Máster en Investigación y Educación Estética: Artes, Música y Diseño por la Universidad de Jaén. Máster en Profesorado de Educación Secundaria Obligatoria por la Universidad de Sevilla.</p>



<p class="has-medium-font-size">Su línea de investigación se dirige fundamentalmente al desarrollo de la metodología artística de investigación con una temática que sitúa la experiencia corporal como experiencia artística y que se combina, además, con su producción creativa.</p>



<p class="has-medium-font-size">Miembro del grupo de Investigación HUM-862 de la Universidad de Jaén y director de la Revista de Investigación y Creación Artística Afluir</p>

<p>Jesús Caballero Caballero. Profesor del Área de Didáctica de la Expresión Plástica de la Universidad de Jaén, Doctor en Patrimonio por la Universidad de Jaén. Graduado en Bellas Artes por la Universidad de Sevilla, Máster en Investigación y Educación Estética: Artes, Música y Diseño por la Universidad de Jaén. Máster en Profesorado de Educación Secundaria [&hellip;]</p>
